What are the prime factors of h?
2, 5
Suppose 2*h + 1152 = 10*h. List the prime factors of h.
2, 3
Let x(y) = -18*y**3 + 17*y**3 + 4*y - 2*y + 6*y**2. List the prime factors of x(3).
3, 11
Let w(q) = 4*q - 12. Let n(d) = -d**3 + 6*d**2 - 3*d + 1. Let l be n(5). What are the prime factors of w(l)?
2
Let f be 6*2*2/12. Suppose f*n = n. Suppose n = -q + 3*y + 12 + 11, -2*y - 10 = 0. List the prime factors of q.
2
Let q = 1 + -1. Suppose -4*p - 8 = q, 0 = -4*u - p + 1 + 1. What are the prime factors of 3/1 - (0 - u)?
2
Let p be ((-3)/(3/(-10)))/2. Let r(i) = -i - 1. Let j be r(0). Let n = p - j. What are the prime factors of n?
2, 3
Let y(o) = o**3 + 3*o**2 - 2*o + 1. Let s be y(-4). Let q = s + 12. What are the prime factors of (-124)/(-10) + (-2)/q?
2, 3
Suppose 2*i + 2*i = 220. List the prime factors of i.
5, 11
Suppose d + 13 = -4*h, 6*d - 3*d + h = -83. Let o = d - -40. What are the prime factors of o?
11
Let i = -49 + 77. Let o = i - 10. List the prime factors of o.
2, 3
List the prime factors of (-2)/6 + (-42)/(-18).
2
Let a be (-8 - -10)/(2/24). Let f = 44 - a. What are the prime factors of f?
2, 5
Let c = 2 - 23. What are the prime factors of ((-12)/(-14))/((-3)/c)?
2, 3
Let w(z) = z**3 + 72. Let q be w(0). Suppose h - 5*h = -q. List the prime factors of h.
2, 3
Suppose 0 = -3*c + 71 + 115. Suppose -y + c = 14. List the prime factors of y.
2, 3
Let q(j) = -j**3 + 11*j**2 - 9*j. Let i be q(10). Let m = i - 6. Suppose 5*k - 13 = -2*y - 2, -m*k + 4*y + 20 = 0. List the prime factors of k.
3
Let a = -10 + 14. Suppose -a*n + 11 = -21. What are the prime factors of n?
2
Let z(j) = 2*j - 2. Let q be z(2). Let d be (q/4)/((-1)/(-10)). Suppose -60 = -4*u + 4*p, 2*u = d*p + 21 + 24. What are the prime factors of u?
2, 5
Suppose -263 = -4*x + 2*x + 5*j, 2*j - 614 = -5*x. What are the prime factors of x?
2, 31
Suppose j = -5*a + 27, -4*j = a - 1 - 12. Let d be 13 + 2 - (j - 1). Suppose 0*y = -y + d. What are the prime factors of y?
2, 7
Suppose -493 = -5*b + 3*u, -5*u - 3 = -2*u. List the prime factors of b.
2, 7
Let q(m) = -31*m - 3. What are the prime factors of q(-2)?
59
Let q = 178 + 26. What are the prime factors of q?
2, 3, 17
Let w = 35 - 27. Suppose -2*c = c + 18. Let k = c + w. List the prime factors of k.
2
Let y(k) = 2*k + 25. Let l be y(0). Suppose -3*u + 21 = b - 0, -4*u = b - l. What are the prime factors of b?
3
Let k(v) = -6*v - 3. Let z be 3/(-1 - 0 - 0). List the prime factors of k(z).
3, 5
Let y(v) = -v**2 + 1. Let z(i) = -i - 3. Let b(r) = -2*y(r) - z(r). Let g be b(-2). Suppose 2*j + 35 = g*j - 4*t, -t = 2*j - 1. What are the prime factors of j?
3
Suppose -4*u + 0*p = -4*p - 824, 5*p = 20. What are the prime factors of u?
2, 3, 5, 7
Let h be (-2)/7 - (-1772)/28. Suppose -p = 4*w - 4*p + h, -3*w + 3*p = 51. List the prime factors of 1/3*(3 - w).
5
Let i = 89 - 37. List the prime factors of i.
2, 13
Suppose -4*q = -11 - 5. Let u = 9 - q. What are the prime factors of u?
5
List the prime factors of (-6)/(-24) - (-3)/12*1499.
3, 5
Suppose 3*q - 4 - 14 = 0. Let s be (-4)/q - (-16)/6. Suppose 0*z - s*z + 22 = 0. What are the prime factors of z?
11
Let q(h) be the first derivative of -h**3/3 + 10*h + 4. List the prime factors of q(0).
2, 5
What are the prime factors of 0 + -1 + (-3 - -6) - -153?
5, 31
Suppose 6*r + 4*i = 9*r - 1187, 1967 = 5*r - i. What are the prime factors of r?
3, 131
Suppose 51 = 4*w - w. List the prime factors of w.
17
Suppose 0*d = d + 6. Let f = d + 8. List the prime factors of f.
2
Let d = -19 + 7. What are the prime factors of ((-3)/(-1))/(d/(-64))?
2
Let y be 492/15 - (-1)/5. Suppose 0 = -z + y + 2. What are the prime factors of z?
5, 7
Let v = 10 + 8. Let t = v + -43. Let z = t + 35. List the prime factors of z.
2, 5
Suppose 2*m - 42 - 98 = 0. Suppose j - 40 = 3*r, -m + 22 = -j + 5*r. What are the prime factors of j?
2, 7
Let p(c) be the second derivative of c**5/20 - c**4/4 - 2*c**3/3 + 3*c**2 + 3*c. List the prime factors of p(4).
2, 3
Let m(y) = -2*y + 12. Let o be 26/3 + (-1)/(-3). Let a be m(o). Let p = 5 - a. List the prime factors of p.
11
Let s(o) = o - 8. Suppose 4*v - 24 = -4*p, 0 = -3*v + 4*p + 3 + 1. Suppose 0 = -5*u + 2*u + n + 35, v*u - n - 46 = 0. List the prime factors of s(u).
3
What are the prime factors of (0 - 6)*(-58)/2?
2, 3, 29
Let b(k) = -k**3 - k**2 + 3*k. Let p be b(-3). What are the prime factors of (12/p)/(6/63)?
2, 7
Suppose -b + 51 = 2*b - 3*r, 2*r = 8. Let y = 1 + b. List the prime factors of y.
2, 11
Let w be 1/(-4) - (-51)/12. Let o = 3 - 1. Suppose -o*z + z = -w*b + 68, 3*z = b - 28. What are the prime factors of b?
2
Suppose 3 = -3*s, -2*s + s - 51 = -2*n. Let l = -16 + n. What are the prime factors of l?
3
Suppose -2*b + 12 = 4*y, -5*y + 3*y = -b + 6. What are the prime factors of b?
2, 3
Suppose -2 = -i - 0*i, 5*i + 430 = 4*a. Suppose -4*k = k - a. Let s = -15 + k. What are the prime factors of s?
7
Suppose 0 = -3*n - 4*w + 378, -n - 4*w = -3*n + 232. List the prime factors of n.
2, 61
Let g(l) = 2*l - 4. List the prime factors of g(5).
2, 3
Let t = 2 - 10. What are the prime factors of t/4*(1 - 6)?
2, 5
Suppose b + 162 + 8 = 4*w, 5*b = -2*w + 74. Let q = -23 + w. What are the prime factors of q?
19
Let z = -10 + 18. List the prime factors of z.
2
List the prime factors of ((-8)/12)/(-2)*-9 + 16.
13
Let n(x) be the first derivative of -x**4/4 - 7*x**3/3 - x**2/2 - 5*x - 2. Let o be n(-7). Suppose 0 = -o*b - 0*b + 10. List the prime factors of b.
5
Let f = -28 + 46. What are the prime factors of f?
2, 3
Let x(p) = -2*p + 2. Let s = 4 + -2. Let z be x(s). List the prime factors of (-40)/(-18) + z/9.
2
Let m = 106 + 182. List the prime factors of m.
2, 3
Let j be (3/6)/(3/438). Suppose -19 = 3*d - j. List the prime factors of d.
2, 3
Let u = -16 - -17. Let s(t) = t + 4. Let o be s(-2). Suppose u = o*f - 15. List the prime factors of f.
2
Suppose -12 + 147 = 5*r - 3*h, -4*r + 5*h = -108. Suppose 7 = 2*t - r. What are the prime factors of t?
17
Suppose 5*o - 490 = 4*f, 0*o = 4*o - 4*f - 388. List the prime factors of (o/(-4))/((-9)/12).
2, 17
Suppose 3*v + 19 = 2*u, -4*v = -4*u - 0*v + 32. Suppose 0 = u*b - 56 - 29. What are the prime factors of b?
17
Suppose 296 = -5*n + 1211. What are the prime factors of n?
3, 61
Let k(c) = 5*c - 10. Let w = -4 - -10. List the prime factors of k(w).
2, 5
List the prime factors of (-1)/(2 - (-22)/(-10)).
5
Let d = 37 + -21. What are the prime factors of d?
2
Let j(k) = 9*k + 3. Let g be j(-5). List the prime factors of (-12)/g + 24/14.
2
Let m be 2 + -1 + 1 + 0. Suppose -4 + 7 = -3*v. List the prime factors of (m - v/4)*4.
3
What are the prime factors of ((-202)/(-6))/(1*5/15)?
101
Let g = 23 - -73. Suppose a = -3*a + g. Suppose 3*o + 0 = a. List the prime factors of o.
2
Let q(x) = -5*x - 2 + 0 - 2. Let u = -5 - -2. What are the prime factors of q(u)?
11
Let c = 10 - 8. Suppose -5*l - 90 = -4*g - 10*l, -c*l = -2*g + 54. List the prime factors of g.
5
Let i(c) = -c - 7. Let n be i(-9). Suppose n*t - 74 = -0*t - 2*r, -5*t - 4*r = -181. What are the prime factors of t?
3, 11
Let c = 57 - 59. Let h(j) = -3*j - j - 2 + 3. What are the prime factors of h(c)?
3
List the prime factors of 6/(-8) + 1863/36.
3, 17
Suppose -2*a + 4*c = -52, 0*a - 4*c + 200 = 5*a. Suppose 97 = 5*i + 3*u - a, -5*u - 20 = 0. List the prime factors of i.
29
Let s = -240 + 618. List the prime factors of s.
2, 3, 7
Suppose -3*k - v = -21, -3*v - 2*v = -3*k + 21. Suppose k*h - 2*h = 250. Suppose -4*a = 2*y - h, -4*y - a + 82 = a. List the prime factors of y.
19
Let c be (-2)/(-4) - (-10)/4. Suppose -c = -2*g + 3. Suppose -4*n + 1 = 3*x, g*n - 9 + 30 = 5*x. What are the prime factors of x?
3
Let z = 3 - 1. Suppose 3*p = -2*u + 11, 2*p - 4*p - 36 = -z*u. What are the prime factors of u?
13
Let h = 82 - 2. List the prime factors of h.
2, 5
Let y(m) = -m**3 + m**2 + 15. Let d be y(0). Suppose -2*a + 5*a = d. List the prime factors of a.
5
Suppose -6*r + 268 - 40 = 0. Suppose -r = 5*l - 133. List the prime factors of l.
19
Let j(i) = -6 - i + 2*i**2 - 8*i + 4*i - 2*i. List the prime factors of j(6).
2, 3
Let x(s) = s**2 - s + 24. Let z = -5 - -5. What are the prime factors of x(z)?
2, 3
Suppose -7*t - 112 = -2198. List the prime factors of t.
2, 149
Suppose v = -0*v + 20. Supp